?
3, 5
Let q(f) = 3*f**2 - f + 88. List the prime factors of q(14).
2, 331
Let t be 3*(7/3 - 3). Let d be (0 - 1)*0/t. Suppose c - 13 = -4*k - 1, 2*k + 10 = d. List the prime factors of c.
2
Suppose -2*p - 12 = -5*p. Suppose -2*i + p*i + 3*r = 283, 2*i - 3*r - 289 = 0. What are the prime factors of i?
11, 13
Let p(r) = -2*r. Let i be p(4). Let z be i/6 - 10/15. What are the prime factors of 9 - (2 + z)/(-3)?
3
Suppose u - 243 = 344. Let m = u - 295. List the prime factors of m.
2, 73
Let o(z) = -6*z - 5. Let d be o(-8). Let w = -39 + d. Suppose v - w*v + 233 = s, 0 = 2*s - 10. List the prime factors of v.
2, 19
Let y(f) = -f**3 + 4*f**2 + 10*f - 7. Let d be y(5). Let m(n) = 2*n**2 - 24*n + 21. List the prime factors of m(d).
3, 79
Let c = 2090 + -1341. List the prime factors of c.
7, 107
Suppose 0 = 8*f - 4*f + 3*n - 6, -4*n = f - 8. Suppose 0 = -4*w - 2*k - f*k + 160, 0 = 3*w - 5*k - 133. List the prime factors of w.
41
Suppose -2*l = -2, 2*z - 6 = 2*l + 10. Let i be (-9)/(9/14) - 0. Let k = z - i. List the prime factors of k.
23
Let t(p) = 17*p - 33. Let u be (-22)/11 - (-11 + 0). What are the prime factors of t(u)?
2, 3, 5
Let l(i) = 2*i**3 + 9*i**2 - 5*i + 19. Let j(v) = 6*v**3 + 26*v**2 - 15*v + 56. Let p(n) = -4*j(n) + 11*l(n). List the prime factors of p(-6).
3, 23
Let q be (1 - 4) + 6 + 2. Suppose -q = -2*v + 1. What are the prime factors of v?
3
Let u(t) = 2*t**2 - 5*t + 39. What are the prime factors of u(16)?
3, 157
What are the prime factors of (22/(-33))/((-1)/1614)?
2, 269
Let r be 0/(2 - 4 - 0). Let g(v) = -v + 4. Let c be g(r). Suppose -x - c*x = -25. List the prime factors of x.
5
Let j = -102 + 478. Suppose 4*s - 188 = -2*m, -j = -4*m - 0*s + s. List the prime factors of m.
2, 47
Let b(t) = t**3 - 12*t**2 - 7*t + 33. List the prime factors of b(13).
3, 37
Suppose -8*n = -10*n + 38. Suppose 36 = 5*v - n. Let l = 38 - v. List the prime factors of l.
3
Let f = 2 - 3. Let x(g) = -3*g**3 - 2*g - 1. Let i be x(f). Suppose -5*h = 2*o - o - i, -o - 4*h + 7 = 0. List the prime factors of o.
19
Suppose -223 = -6*y - 43. Let a(z) = -z**2 + 7*z. Let h be a(5). List the prime factors of 438/y - (-4)/h.
3, 5
Let x = 1493 - -728. List the prime factors of x.
2221
Suppose -8*m = -12*m + 2000. Suppose -t = -5*t + m. List the prime factors of t.
5
Let y(p) = -p**3 + 5*p**2 + 5*p. Let m be (5/(-2))/(7/(-112)). Suppose -4*b + b - 5*g = -m, -5*b + 5*g = 0. List the prime factors of y(b).
5
Suppose -74 = -4*o - 230. Let i = o + 66. Let z = -16 + i. List the prime factors of z.
11
Suppose p - 2*p = 5*k - 23, 5*p = 2*k + 7. Suppose d = k*i - d - 522, -4*d = -3*i + 404. List the prime factors of i.
2
Let s = 477 - -105. What are the prime factors of s?
2, 3, 97
Let a(r) = -r + 10. Let c be a(10). Suppose 6 = -c*v + 3*v. Let q = v - -2. What are the prime factors of q?
2
Let r be (-808)/(-6) - 6/(-18). Suppose i - r = -26. List the prime factors of i.
109
Let w be 6/(-27) + 9608/(-18). What are the prime factors of (4 - 18/5) + w/(-15)?
2, 3
Let d be (-1)/((-1 + -4)/200). Suppose d = 3*m + 2*n, -2*m = -4*n - 31 - 17. List the prime factors of m.
2
Let v be 115*((-1)/4 + (-91)/(-140)). Suppose 50*p - 88 = v*p. What are the prime factors of p?
2, 11
Let d = 186 + -45. Suppose -d + 17 = -4*p. List the prime factors of p.
31
Let i = 608 + 1236. List the prime factors of i.
2, 461
Let n(r) = -r - 1. Let d(m) = 2*m + 5. Let p be d(-4). Let i be n(p). Suppose 5*q - 5*x = 145, i*q - 114 = -2*q + 5*x. List the prime factors of q.
31
Let f(c) = 13*c**3 + 3*c**2 - 2*c - 6. List the prime factors of f(3).
2, 3, 61
Suppose t = 2*t. Suppose t = -3*k - 3 - 57. List the prime factors of k/(-70) + 12/7.
2
Suppose 3*h = -1 + 13. Suppose -10 = -n - h*n. Suppose 4*i = n*m - 54, -3 = -m - 3*i + 4. List the prime factors of m.
19
Let n(m) = -59*m + 948. What are the prime factors of n(0)?
2, 3, 79
Let d(v) = 10*v**2 + 5*v + 4. Let a be d(-2). List the prime factors of (-6 - -4)/((-4)/a).
17
Suppose 0 = 4*z - 2*z + 5*y - 52, 24 = z + 2*y. Suppose 12*h = z*h - 20. List the prime factors of h.
5
Let q = -981 - -1903. List the prime factors of q.
2, 461
Let d be ((-6)/(-24))/((-1)/(-6))*-2. Let o(j) = -27*j - 9. What are the prime factors of o(d)?
2, 3
What are the prime factors of 31794/(-231)*(-33)/6?
757
Suppose -25*d = -27*d + 2686. List the prime factors of d.
17, 79
Let d be 12*(27/12 + -2 - 2). What are the prime factors of (-54)/(d/6 + 2)?
2, 3
Let v(f) = -108*f + 3982. What are the prime factors of v(0)?
2, 11, 181
Let j(p) = 13 - 5*p + p + 3*p + 0*p. Let a be j(0). Suppose -t - a = -2*t. List the prime factors of t.
13
Let o(a) = 116*a - 30. What are the prime factors of o(25)?
2, 5, 7, 41
Let m(o) = -2*o**3 - 68*o**2 + 53. What are the prime factors of m(-34)?
53
Let z(o) = 62*o**2 + 8*o + 7. What are the prime factors of z(3)?
19, 31
Suppose -119*v + 113*v = -3588. List the prime factors of v.
2, 13, 23
Suppose -8*o - 1509 = -29. Let v = o + 305. What are the prime factors of v?
2, 3, 5
Suppose -5*c = 5*r - 5, 5*c = 4*c + 3*r + 1. Let h be -1 + (2 - -57) + c. Suppose 4*w + 13 + 3 = 0, -5*w - h = -3*a. List the prime factors of a.
13
Let w = -10 + 13. Suppose 3*g - 21 = -5*u + u, -2*u + 9 = w*g. What are the prime factors of u?
2, 3
Suppose -2*y + y + 2 = r, 0 = 5*r. Let n = 52 - 45. Suppose -y*b = -b - n. What are the prime factors of b?
7
Suppose 2*f - 2120 = 4*b, 3*f - b - 3756 = -596. List the prime factors of f.
2, 263
Suppose 2*w + s = 2956, -14*s = 5*w - 16*s - 7399. List the prime factors of w.
3, 17, 29
Let f(w) = 3*w**3 - 2*w**2 + 4*w - 1. Let a(b) = -b + 12. Let j be a(10). List the prime factors of f(j).
23
Suppose -6 = -4*q - 2*p, -5*p + 15 = 6*q - 2*q. Suppose -v - j + 40 = q, -11*j + 13*j = -4*v + 164. What are the prime factors of v?
2, 3, 7
Let o(q) = -4*q**3 - 54*q**2 + 15*q + 79. What are the prime factors of o(-14)?
3, 29
Suppose -n - 2*s = -4, -s = -3*n - 6*s + 10. Suppose -3*r + 8*r = n. Suppose -3*y - 2*y + 155 = r. What are the prime factors of y?
31
Let s(y) = 4*y**2 - 3*y - 49. What are the prime factors of s(-10)?
3, 127
Let d = 875 + -496. List the prime factors of d.
379
Let r be (11/(-2))/((-4)/(-8)). Let u be r + 13 + (-5 - 1). List the prime factors of 39/9 + u/(-6).
5
Let w be (-45)/(-18)*(2 + 0). Suppose -144 = -h + w*h. Let j = 6 - h. What are the prime factors of j?
2, 3, 7
Let p(c) = 3*c**2 - 21*c - 77. What are the prime factors of p(-6)?
157
Let l be 4/7 - 54/21. Let t be 2 + l*(-113 - 3). What are the prime factors of t/(-12)*(-4)/6?
13
Let s = -36 - -40. Suppose 4*k - 137 = -5*c, -s*k - 3*c + 167 = -8*c. What are the prime factors of k?
2, 19
Suppose 0 = -6*x + 2*x + 24. Let c be (-12)/5*(-80)/x. Suppose 10 - c = -f. List the prime factors of f.
2, 11
Suppose 2*k - 1770 = -3*l, 7*l - 3*k = 9*l - 1180. List the prime factors of l.
2, 5, 59
Let r be 2/(-3) - (-3150)/27. Suppose -4*a + 5*p + r = 0, 3*a - 2*p - 36 = 44. List the prime factors of a.
2, 3
Let n(q) = q**2 + 7*q + 3. Let d be n(-4). Let h be (-6)/9 + (-64)/3. Let g = d - h. What are the prime factors of g?
13
Suppose 0 = -2*d + 6 - 4. List the prime factors of 37*d - (4/(-4) + 2).
2, 3
Suppose 6*s - s - 19 = -y, 0 = 4*y + 4. Suppose g = 5*g + s, 199 = x - 5*g. What are the prime factors of x?
2, 97
Suppose 398*l - 392*l - 4266 = 0. List the prime factors of l.
3, 79
Let i(u) = -28*u + 1. Let v be i(1). Let d be (-2)/3 - 180/v. Suppose 3*l = d*l - 153. What are the prime factors of l?
3, 17
What are the prime factors of 1003/5 + 4/(-10)*-1?
3, 67
Let x = 7 - 4. Let k(z) = 6*z**2 + 4*z - 2. What are the prime factors of k(x)?
2
Suppose -2*q = 5*x - 183, 10*q - 9*q = 3*x - 101. What are the prime factors of x?
5, 7
Let p(f) = 7 - 3*f**2 - 25*f - 2*f - 5*f - f. Let k(c) = c**2 + 16*c - 3. Let d(u) = 5*k(u) + 2*p(u). List the prime factors of d(12).
23
Suppose 5192 = 3*i - 4*o, -2480 = -4*i + o + 4460. What are the prime factors of i?
2, 7, 31
Suppose -6*x = -3*x + 36. Let f be ((-4)/(x/87))/1. Let d = 18 + f. What are the prime factors of d?
47
Let j = 287 - 292. Let g be (-4)/(-18) - 101/9. Let z = j - g. List the prime factors of z.
2, 3
Suppose -4*c - c = 0, -3*i = -2*c - 6. Let p(j) = j**3 - 2*j**2 + 2*j + 1. Let o be p(i). Let k = 4 + o. List the prime factors 